be 42/b - 4/5. Let a(m) = m + 3. Calculate a(f).
-2
Suppose 4*z + 0*x - 17 = -x, 17 = -3*z - 5*x. Let n(p) = -p**2 + 82*p - 465. Give n(z).
-9
Let m = -146 + 156. Let p(o) = -o**3 + 12*o**2 - 20*o - 4. Let h be p(m). Let a(l) = l**2 + 2*l + 1. Give a(h).
9
Let u(y) = y**3 + 10*y**2 + 12*y - 8. Let b(f) = -4*f**2 - 354*f + 169. Let x be b(-89). Determine u(x).
-35
Let p(f) = -f**2 - 7*f + 2. Let k(r) = 7*r**2 + 12*r - 4. Let j(w) = -4*k(w) - 7*p(w). Determine j(-1).
-20
Let m(g) = -g**2 - 4*g - 1. Suppose -389*p + 392*p = 6. Let r = -1 - p. Calculate m(r).
2
Let a(u) = 4*u**2 - 116*u + 38*u - 58 + 60 + 51*u. Determine a(5).
-33
Let d be ((4 - 1)*(-33 + 32))/(-1). Let g(c) = 4*c**2 - 5*c - 4. Let z(k) = -k**2 - 1. Let y(a) = d*z(a) + g(a). Let o be -1 - 5/(10/(-12)). Calculate y(o).
-7
Let v(x) be the third derivative of x**5/60 - x**4/3 + 4*x**3/3 - x**2. Let n = 113 + -109. Suppose -4*g = -3*f - 13, -g - 2*f + 13 = -n. Give v(g).
1
Suppose 2*r - 16 = -l, -l + 9*r = 5*r - 40. Let o(x) = l*x + 16*x - x**3 - 4 + 24*x - 67*x - 4*x**2. Determine o(-3).
-4
Let m(h) = h**2 + 9*h - 51. Suppose -12*q + 15*q + 36 = -b, -5*q - 80 = -5*b. What is m(q)?
1
Let m be -3*4/18*-6. Suppose j + 3*j + b = 44, 0 = m*j + 2*b - 44. Let z = -2 + j. Let o(q) = -q + 13. What is o(z)?
4
Let a(v) = -59*v - 4 + 7 + 54*v. Let l be a(3). Let o(x) = -x**3 - 11*x**2 + 12*x - 4. Determine o(l).
-4
Let h(c) = -c**2 + 22*c + 120. Let s(l) = 8*l + 10. Let f(q) = h(q) - 2*s(q). Determine f(14).
-12
Let s(z) be the second derivative of -z**4/6 + z**3/6 - 5*z**2/2 - 171*z. Determine s(3).
-20
Let o(g) = -5*g + 7. Let y(n) = -4*n + 127. Let w be y(34). Give o(w).
52
Let f(h) be the first derivative of 1/2*h**2 - 6*h + 57. Calculate f(7).
1
Let k(w) = -3*w + 4. Let t(y) = 10*y - 12. Let x(p) = -14*k(p) - 4*t(p). Let i(v) = 55*v + 1. Let u be i(1). Suppose -7*c = c - u. What is x(c)?
6
Let p(y) = y**3 - 2*y**2 - y - 2. Suppose -5*g - 3*u + 3 = 0, -318*g - 1 = -314*g - u. Give p(g).
-2
Let r(n) = 82*n - 118. Let b(v) = 93*v - 118. Let d(j) = 6*b(j) - 7*r(j). Give d(7).
6
Let p(n) = -2*n**3 - 43*n**2 + 15*n - 152. Let v be p(-22). Let o(l) = -5*l**3 - l**2 - 2. Calculate o(v).
-46
Let f(h) = h**3 - 21*h**2 + 27*h + 24. Let r(p) = 2*p**3 - 37*p**2 + 53*p + 48. Let n(s) = -5*f(s) + 2*r(s). Calculate n(30).
6
Suppose 77 = -2*d - 4*v + 127, -d + 31 = 5*v. Suppose 0 = 20*t - 13*t - d. Let a(l) = -5*l - 7. Determine a(t).
-22
Let c(y) be the third derivative of y**4/24 + 11*y**3/6 - 175*y**2 - 45*y - 2. Suppose 5*k + 4*r + 23 = 0, k + 3 = 2*r - 10. Determine c(k).
4
Let j be (-100)/175 - (-10704)/14. Let d(v) = 382*v + 11 - j*v + 383*v. Determine d(-10).
1
Suppose -6 = -4*u - 3*l + 7, 2*u = -2*l + 6. Let n(d) = 2*d - 21 + 3*d**2 + 7*d - 4*d**2. Let x be n(u). Let y(a) = -5*a + 1. Give y(x).
6
Let i(f) = 21*f**3 + 224*f**2 - 48*f**3 + 28*f**3 - 2*f + 2 + 9*f - 231*f**2. Let q be (-18)/10*190/(-57). Calculate i(q).
8
Let n(f) be the second derivative of 0 - 148*f + 1/2*f**2 + 1/6*f**3. Determine n(2).
3
Let m(p) = -3*p - 3. Suppose -50*k = -46*k - 3464. Let a = 861 - k. What is m(a)?
12
Let m(h) = -41 + 12*h + 5*h**3 - 6*h**3 - 42 + 142 - 10*h**2 - 39. Calculate m(-11).
9
Let d(l) = l**3 - 3*l**2 - 4*l + 1. Let q = 397 + -390. Suppose -27 + q = -4*x + g, 2*x = -3*g + 10. Give d(x).
31
Suppose 5*d + 83*l = 87*l + 100, -60 = -3*d + 5*l. Let q(i) = 3*i**3 - 60*i**2 - 3*i + 54. Give q(d).
-6
Let j(c) = c - 33. Let t = -6161 - -6166. Give j(t).
-28
Let o(w) = 2*w**3 + 33*w**2 + 18*w - 21. Let q(m) = -m**2 + 24*m + 929. Let c be q(45). What is o(c)?
-53
Suppose 21 = x - 40. Let m = -69 + x. Let g = 4 + m. Let d(j) = -j - 5. Give d(g).
-1
Let g(s) = -20*s + 78. Let p(i) = 7*i - 27. Let h be -1 + -5*(-1)/(-1). Let x(l) = h*g(l) - 17*p(l). Calculate x(4).
-5
Let r be (10/(-4))/(3/(-6)). Suppose 0 = -6*d - r + 17. Let k(f) = -5*f**2 + 3*f - 3. What is k(d)?
-17
Let s(v) = 6*v**2 - 2*v - 2 + v - 2*v**2. Suppose -34*n - 79*n + 66 = -80*n. Calculate s(n).
12
Let j(u) be the first derivative of -u**3/3 - 19*u**2/2 - 22*u - 1397. Calculate j(-16).
26
Let z(r) = r**2 + 8*r + 4. Suppose -155*w = -136*w. Give z(w).
4
Suppose -58 = 6*j - 22. Let f(d) be the first derivative of -d**3/3 - 9*d**2/2 - 5*d - 158. What is f(j)?
13
Suppose 0*f - 2*f + 14 = 0. Let o(q) be the first derivative of -q**2/2 + 2*q + 51539. Calculate o(f).
-5
Let c(k) be the third derivative of k**5/60 - k**4/12 - 7*k**3/6 - 170*k**2. Let f be (-1)/(-2)*(1 - -5). Let j be c(f). Let b(h) = h + 7. What is b(j)?
3
Let i be (11/((-22)/(-1)))/((-1)/(-10)). Let f(m) = -5*m + 19. Calculate f(i).
-6
Let b(z) = 10*z - 3. Let r(y) = 7*y - 4. Let t(c) = -3*b(c) + 2*r(c). Suppose -o + 22 - 20 = 0. Give t(o).
-31
Let m(a) = 26*a - 41. Let g(b) = 130*b - 212. Let k(t) = -6*g(t) + 31*m(t). Suppose -2 = -4*r - 2*i, -i - 4*i = 5. Calculate k(r).
27
Let x(o) = -o**3 + 19*o**2 - o + 24. Let n(y) = 3*y**2 - 48*y + 23. Let r(u) = -2*u**2 + 49*u - 22. Let c(h) = -3*n(h) - 4*r(h). Let d be c(-52). What is x(d)?
5
Let i(j) be the third derivative of j**5/30 + 3*j**4/4 - j**3/2 - 7720*j**2. What is i(-8)?
-19
Let a be ((-12)/(-30))/(40/(-700)). Let o(d) = -d**3 - 9*d**2 - 8*d + 2. What is o(a)?
-40
Let p(y) = -2*y**2 + 1900*y - 5701*y + 1914*y + 1903*y + 17. Calculate p(10).
-23
Let o(z) be the third derivative of z**6/120 - 2*z**5/5 + 11*z**4/12 + 13*z**3/6 - 59*z**2 + 16*z. Calculate o(23).
-10
Let n(x) = -3 + x**2 + 1 + 4 + 11*x. Let b be n(-11). Suppose -a - 2 = b*y - 0, 3*y - 4*a + 3 = 0. Let j(u) = -14*u**3 - u - 1. Determine j(y).
14
Suppose -5*f + 20 = -4*n + 9*n, -5*n = -2*f - 48. Let l(b) be the second derivative of b**3/6 + 5*b**2 - b. Calculate l(f).
6
Let x(w) be the first derivative of 5*w**4/12 - w**3/3 + 91*w**2/2 + 64. Let h(u) be the second derivative of x(u). Give h(1).
8
Let d(o) = -o**2 - 5*o + 38. Suppose 5*m = 43*y - 39*y - 51, 0 = 2*m - 4*y + 18. Give d(m).
-28
Let m(n) = n**3 - 14*n**2 - 20*n + 77. Let f be m(15). Let v(y) be the second derivative of -18*y + 0 - 2/3*y**3 + 1/6*y**4 + 1/2*y**f. Give v(3).
7
Let s(p) be the third derivative of 7*p**4/12 + 4*p**2. Suppose -u = -4*t - 3, 5*u = 4*t + 3*u + 2. Determine s(t).
-14
Let t(j) = -3*j**2 + 5*j - 2. Let p(f) = -f**2 + 3*f - 1. Let c(w) = 5*p(w) - 3*t(w). Let d = 244573 + -244574. Calculate c(d).
5
Let u = 5 + -1. Let w(l) = 16*l**3 + 48*l**2 + 177*l - 11. Let d(t) = -10*t**3 - 31*t**2 - 113*t + 7. Let y(n) = 11*d(n) + 7*w(n). Give y(u).
32
Let m(v) be the third derivative of 0*v - 9*v**2 + 0 + 1/12*v**4 + 1/2*v**3. Determine m(-6).
-9
Let w(g) = 91101*g - 4 + 5*g**3 - 91101*g. Determine w(-2).
-44
Let i = -67 - -66. Let t(l) = l - 11. Let g(f) = 2*f - 22. Let q(j) = -3*g(j) + 5*t(j). Let p(h) = -h + 2. Let x(z) = i*q(z) + 2*p(z). Determine x(-4).
-3
Let l(o) = -o**3 - 7*o**2 + 7*o + 20. Let z be l(-8). Suppose -13*v - 96 = -17*v. Let x = z - v. Let i(t) = -2*t + 2. Calculate i(x).
-6
Let r = -12 - -15. Let s(q) = 3 - r + 3 + 4 - q. Let w = 364 + -356. Calculate s(w).
-1
Let r(z) = 8 + 3*z**3 - 1984*z**2 + 2*z + 990*z**2 + 989*z**2 - 14*z**3. Let k(q) = -2*q**3 + 1. Let i(l) = 6*k(l) - r(l). What is i(4)?
6
Let k(x) be the second derivative of x**3/6 - 2*x**2 - 31*x + 4. Let m(w) = -w - 7. Let u be m(-13). Give k(u).
2
Let w(n) be the second derivative of n**3 + 1/20*n**5 + 0 + 7/12*n**4 + n**2 - 81*n. Give w(-6).
2
Suppose v + 66 = -5*v. Let r(z) = -z**3 + 2*z**2 + 3. Let o(x) = -6*x**3 + 9*x**2 + x + 14. Let s(g) = v*r(g) + 2*o(g). Let f be 7/(-2) - 1/2. What is s(f)?
-13
Suppose 4*n - 6 = 2*g + 8, 3*n + 3*g = 15. Let u(i) = -3*i**2 - 5*i + n*i**2 + 19*i + 10. Calculate u(-12).
-14
Let u(t) = 3*t**2 + 2*t. Let j be u(-2). Let h(v) = v**3 + 2*v - 14 + j + 8 - 3*v**2. Determine h(4).
26
Let w(k) be the second derivative of k**4/12 + k**3 + k**2 - 71*k - 26. Let b be (4/5)/(2/5). Let c be 0/b + (-1 - 5). What is w(c)?
2
Let y(b) = -5*b + 3*b + 3*b + 8. Let v be (-2*(-12)/8 - 3)/(-2). Suppose -3*l - 18 = -v*l. What is y(l)?
2
Let v(r) = -r**2 - 2*r + 21. Let k be 6/(-4)*24/(-45)*-10. Calculate v(k).
-27
Let i = 13 - 3. Let n(q) = 3 + 0 - q**2 - i*q - 6 + 0*q. Let o be n(-9). Let h(a) = 2*a - 3. Calculate h(o).
9
Let u(h) = -4*h - 6*h + 3*h + 354*h**2 - 2 - h**3 + 3*h - 348*h**2. Suppose 3*